ghest common divisor of g and 294.
14
Let y(g) = -144*g**3 - g**2 - g + 2. Let o be y(1). Let h = -123 - o. What is the greatest common factor of 105 and h?
21
Suppose 88*k = 96*k - 24. Suppose 0*w + 5*w = -k*p + 275, -5*w - p = -265. What is the highest common divisor of 4 and w?
4
Let x be (-8)/(2 + (-15)/9). Let n = x + 28. Suppose 7*o - 98 = n*o + 4*b, -2*b = -4*o + 114. Calculate the greatest common divisor of 52 and o.
26
Let r be (-2)/7 - (-24 - 9672/91). What is the greatest common factor of 3068 and r?
26
Let p(o) = -o**2 + 36*o + 57. Let t be p(29). Suppose 17*h - 964 = t. What is the greatest common divisor of h and 24?
24
Suppose -20522*z = -20572*z + 2000. Calculate the highest common divisor of z and 4770.
10
Suppose 11745 - 24156 = -68*x + 13021. What is the highest common divisor of 154 and x?
22
Suppose -578*o - 533 = -619*o. Calculate the greatest common divisor of 4979 and o.
13
Let s = -21017 + 21051. Let p be (-5)/((-5)/2) - -15. What is the highest common divisor of s and p?
17
Suppose 111*n + 97*n = 981552. Calculate the greatest common factor of n and 39.
39
Let t be -39*(19*(-18)/(-684))/((-2)/28). What is the highest common divisor of 1183 and t?
91
Let p = 224 + -331. Let h = 65 - p. Calculate the greatest common factor of h and 43.
43
Suppose -3*x - 120*l = -123*l - 8346, -l - 8344 = -3*x. Calculate the highest common factor of x and 103.
103
Suppose 117 + 39 = 39*m. Suppose 136 = 2*s + 4*z, -m*s + z = 6*z - 260. What is the greatest common divisor of s and 132?
12
Let m(d) = -15*d + 199. Let y be m(13). Suppose -2*p + 1129 = -3*v + 160, 0 = -y*p - 3*v + 1911. Calculate the highest common factor of 40 and p.
40
Let z be 1100/495 - (-2)/(-9). Suppose -3*r + v = -66 - 183, 0 = z*v - 6. What is the greatest common factor of r and 24?
12
Let x(f) = 14*f - 6. Let l be x(4). Let s = -2604 + 2629. What is the greatest common divisor of l and s?
25
Let c be (-2 + 1)*(-56)/4. Let y = c + -2. Let r be -2 + (-37 + 27 - -15). Calculate the highest common divisor of y and r.
3
Suppose 5*f - 39 = 10*o - 13*o, f - 4*o - 17 = 0. Let r(m) = 17*m - 54. Let b be r(f). Calculate the highest common factor of 27 and b.
9
Let n be -3 + (15 - 6) + 0/2. Suppose -5 = 5*q + 5*o, 0 = 5*q + 2*o - 7. Suppose 0 = -q*u + 6*u - 234. Calculate the highest common divisor of u and n.
6
Let n = -4 - -8. Let p be (-2 + (-2 - -12))/(n/72). Suppose -2*m + q = 2*m - p, 0 = 2*m - 5*q - 54. Calculate the greatest common divisor of m and 407.
37
Suppose -12*o + 555 = -237. Let l be (-2 + 3 + (-20)/8)*o. Let j be (-2 - (-8)/12)*l. What is the highest common factor of 12 and j?
12
Let i be (-4 - (-2)/2) + (-34 - -41). Suppose i + 11 = f + 5*y, 0 = -4*f + 3*y + 14. Suppose -f*m = m - 504. What is the greatest common divisor of 12 and m?
12
Let s = 142 + -194. Let o = s + 58. What is the greatest common divisor of o and 21?
3
Suppose -934*u + 5123 + 1224 = -13267. Let y = 423 + 102. What is the highest common factor of u and y?
21
Suppose 695 = 11*h + 2422. Let c be 18/(-36) - h/2. Calculate the greatest common factor of 6 and c.
6
Suppose 0 = -2*b + 2, 141*n - 5*b = 140*n + 51. What is the highest common divisor of n and 364?
28
Suppose q + 1590 = 5*q - 2*j, j - 402 = -q. Suppose -v + 17 = -105*n + 106*n, 4*n - 5*v = 86. Calculate the greatest common factor of q and n.
19
Suppose 8*q - 63 = -95. Let a be (-9*5)/(2*q/16). What is the highest common factor of a and 60?
30
Suppose 4*b - b = 333. Suppose 0 = -2*r + 4*u + 86, 33*u - 35*u = 6. Calculate the greatest common factor of r and b.
37
Let q = 7 + 35. Suppose 10*v = -8 + 48. Suppose v*t = 25 + 87. Calculate the greatest common factor of q and t.
14
Let s(j) = -2*j**3 + 21*j**2 - 24*j + 63. Let l be s(9). Let b = 10 + -9. Let k be 27*8/6*b. Calculate the greatest common factor of k and l.
18
Let b be 780/35*4*7/8. Suppose 0 = 8*g + 5*g - b. Suppose -5*f + 18 = -3*f. Calculate the highest common factor of f and g.
3
Let o be (-4 + 3)/((-6)/12). Suppose 4*h = 2*g + 262, -o*h - 2*h + 247 = g. Let a = h + -59. Calculate the highest common factor of a and 36.
4
Suppose 5*t - 11643 = -4*b - 1663, -5*t - 17410 = -7*b. Calculate the highest common factor of 30 and b.
30
Let p(k) = -k**3 - 13*k**2 - 10*k - 1. Let q be p(-13). Let j = 186 - q. Let y = -25 + j. What is the greatest common divisor of 64 and y?
32
Let u(t) be the third derivative of -t**6/120 - 2*t**5/5 + 8*t**3 + 4*t**2 + t. Let r be u(-24). What is the highest common divisor of r and 120?
24
Let r = -117 - -125. Let t(c) = c**2 + 6*c + 8. Let z be t(10). Let x = z - 104. What is the greatest common divisor of r and x?
8
Let u be (5 - 42/(-18))*3. Let x be 194/u - (-26)/143 - 4. Suppose 2*f + 4*c - 256 = 0, x*f - 2*c = -262 + 854. What is the greatest common divisor of 48 and f?
24
Let r = 94 + -46. Suppose t - 252 = 4*b, 5*b - 118 = -t + 107. Calculate the greatest common divisor of r and t.
48
Let l be (858/(-44))/(-39)*64/2. Let n be (-1982)/(-4) + 2/4. Calculate the highest common factor of n and l.
16
Suppose 21*t = 2651 + 4048. Calculate the greatest common factor of 803 and t.
11
Let k be 195 - 18*24/54. What is the greatest common divisor of k and 55?
11
Let t(s) = -s**3 - 2*s**2 + s + 3. Let o be t(0). Suppose -o*u = -11*u + 120. Let j = 11 - 5. What is the highest common divisor of j and u?
3
Let l be (-127558)/(-826) - (6/14)/1. Calculate the greatest common factor of 4424 and l.
14
Let u = 388 + -382. Let y(g) = -6*g**2 + 9*g - 3*g + 0*g**3 + 14 + g**3. Let z be y(u). Calculate the greatest common factor of 50 and z.
50
Let c be (-21)/(-15) - (-6)/10. Suppose -4*w + 6*k - c*k + 592 = 0, w - 123 = -4*k. What is the greatest common divisor of w and 22?
11
Let c = -3191 - -5895. What is the greatest common factor of c and 32?
16
Let d = 337 + -106. Let o(q) = 14*q - 35. Let l be o(16). Suppose 10*a = a + l. Calculate the highest common divisor of a and d.
21
Let d(m) = 33*m - 2409. Let v be d(78). What is the greatest common factor of v and 915?
15
Let a be (-1338)/3*-3 - (4 + 0). Suppose 0 = 6*f - a + 8. Calculate the greatest common divisor of f and 17.
17
Let h be (-3)/6*11/((-33)/84). Let l = 155 + -7. Suppose w + 22 = l. What is the greatest common divisor of w and h?
14
Let u(w) = w + 4*w + w**2 - 3 + 5 - 9 - 9. Let k be u(-10). Calculate the greatest common factor of k and 119.
17
Let m be (1*-45)/(4/36). Let h = m + 443. Calculate the highest common divisor of 2 and h.
2
Suppose -46*b + 2700 = 25*b + 19*b. What is the highest common factor of 2715 and b?
15
Suppose 0 = 7*p - 5*p - 936. Suppose -o + 8 + 24 = -2*t, -5*o = -4*t - 136. Calculate the greatest common factor of p and o.
12
Suppose 92 = -13*o + 17*o. Let a(m) = m - 3. Let y be a(3). Suppose -23 = -q - y*q. What is the greatest common divisor of o and q?
23
Let g = 7240 - 6910. What is the highest common factor of 858 and g?
66
Suppose a = 2*w + 103, 0*w + 4 = -2*w. Let p = 107 - a. Let c = -39 - -63. What is the highest common divisor of c and p?
8
Let c(o) = 6*o - 3*o + 22 + 2*o - 3*o. Let r be c(9). Calculate the highest common divisor of r and 10.
10
Let t be 330/539*7*1*525. Let p be (6/(-18))/((-5)/t). Calculate the highest common divisor of p and 225.
75
Let p(h) = -2*h**3 + 21*h + 50. Let q be p(-2). What is the greatest common divisor of 904 and q?
8
Let j = -552 + 561. Let p be ((-34)/(-15)*j)/((-18)/(-120)). What is the highest common factor of p and 40?
8
Suppose 5*c = g + 61 + 42, 3*g + 323 = c. Let n = g - -131. Let j = 37 - n. Calculate the highest common factor of j and 56.
14
Let l be (4 - -3)*(92/7)/2. Let u be (l/8)/((-8 - -2)/(-24)). Suppose -5*s - 486 = -2*w, -5*s - 1 = -21. What is the highest common factor of w and u?
23
Let t = -464 + 463. Let b be 10 + t/(9/(-6))*-3. Calculate the highest common divisor of 32 and b.
8
Let q be 54/(-5)*(-573 - -553). Let x(d) = 44*d**3 + 3*d**2 - d - 2. Let i be x(2). What is the greatest common divisor of i and q?
72
Suppose -12*v = 34 - 82. Let x = 32 + -16. What is the highest common divisor of v and x?
4
Let i(k) = -4*k + 16. Let l be i(5). Let d(b) = -3*b - 3. Let z be d(l). Suppose 26*x - 27*x = -z. What is the highest common factor of 144 and x?
9
Let q = 275 - 540. Let o = q - -287. What is the greatest common 